{"id":33,"date":"2022-08-28T22:00:13","date_gmt":"2022-08-28T20:00:13","guid":{"rendered":"https:\/\/www.hhpce.cz\/?page_id=33"},"modified":"2024-06-02T18:15:55","modified_gmt":"2024-06-02T16:15:55","slug":"o-nas","status":"publish","type":"page","link":"https:\/\/www.hhpce.cz\/?page_id=33","title":{"rendered":"O n\u00e1s"},"content":{"rendered":"\r\n<h2 class=\"wp-block-heading\"><strong>HHP HLEDA\u010cI HISTORIE PARDUBICKO Z.S.<\/strong><\/h2>\r\n<p><strong>\r\n\r\n<\/strong><\/p>\r\n<h3 style=\"font-style: normal; font-weight: bold;\"><strong>\u00a0<\/strong><br \/><strong>Hleda\u010di Historie Pardubicko (HHP) je sdru\u017een\u00ed nad\u0161enc\u016f, kte\u0159\u00ed se v\u011bnuj\u00ed hled\u00e1n\u00ed a dokumentaci historick\u00fdch artefakt\u016f na \u00fazem\u00ed Pardubick\u00e9ho kraje. Toto sdru\u017een\u00ed, kter\u00e9 funguje pod veden\u00edm zku\u0161en\u00fdch detektor\u00e1\u0159\u016f se zam\u011b\u0159uje na vyhled\u00e1v\u00e1n\u00ed a ochranu kulturn\u00edho d\u011bdictv\u00ed za pomoci detektor\u016f kov\u016f. Jejich pr\u00e1ce je nejen kon\u00ed\u010dkem, ale tak\u00e9 v\u00fdznamn\u00fdm p\u0159\u00ednosem pro archeologii a historii regionu.<\/strong><\/h3>\r\n<h2 style=\"font-style: normal; font-weight: bold;\"><strong>Historie a \u010dinnost HHP<\/strong><\/h2>\r\n<h3 style=\"font-style: normal; font-weight: bold;\"><strong>HHP vzniklo z iniciativy n\u011bkolika nad\u0161en\u00fdch amat\u00e9rsk\u00fdch hleda\u010d\u016f, kte\u0159\u00ed se rozhodli sv\u00e9 \u00fasil\u00ed organizovat a systematizovat. Vznikla tak skupina, kter\u00e1 se pravideln\u011b setk\u00e1v\u00e1, pl\u00e1nuje vyhled\u00e1vac\u00ed akce a spolupracuje s m\u00edstn\u00edmi archeology. Jejich \u010dinnost zahrnuje nejen samotn\u00e9 hled\u00e1n\u00ed, ale i dokumentaci nalezen\u00fdch p\u0159edm\u011bt\u016f, jejich p\u0159ed\u00e1n\u00ed odborn\u00edk\u016fm a vzd\u011bl\u00e1v\u00e1n\u00ed ve\u0159ejnosti o v\u00fdznamu a ochran\u011b kulturn\u00edho d\u011bdictv\u00ed.<\/strong><\/h3>\r\n<h2><strong>Spolupr\u00e1ce s archeology<\/strong><\/h2>\r\n<h3><strong>Jedn\u00edm z kl\u00ed\u010dov\u00fdch aspekt\u016f \u010dinnosti HHP je \u00fazk\u00e1 spolupr\u00e1ce s profesion\u00e1ln\u00edmi archeology. Tento vztah je zalo\u017een na vz\u00e1jemn\u00e9m respektu a sd\u00edlen\u00ed znalost\u00ed. Archeologov\u00e9 poskytuj\u00ed hleda\u010d\u016fm odborn\u00e9 rady a \u0161kolen\u00ed, jak spr\u00e1vn\u011b identifikovat a zach\u00e1zet s nalezen\u00fdmi artefakty, zat\u00edmco hleda\u010di p\u0159in\u00e1\u0161ej\u00ed archeolog\u016fm cenn\u00e9 n\u00e1lezy a informace o jejich kontextu.<\/strong><\/h3>\r\n<h3><strong>Tato spolupr\u00e1ce je v\u00fdhodn\u00e1 pro ob\u011b strany. Archeologov\u00e9 z\u00edsk\u00e1vaj\u00ed p\u0159\u00edstup k cenn\u00fdm n\u00e1lez\u016fm, kter\u00e9 by jinak mohly z\u016fstat neobjeven\u00e9, zat\u00edmco detektor\u00e1\u0159i maj\u00ed mo\u017enost pod\u00edlet se na odborn\u00e9 pr\u00e1ci a prohlubovat sv\u00e9 znalosti. Spole\u010dn\u011b tak p\u0159isp\u00edvaj\u00ed k ochran\u011b a zkoum\u00e1n\u00ed historick\u00fdch pam\u00e1tek, co\u017e je kl\u00ed\u010dov\u00e9 pro pochopen\u00ed minulosti a jej\u00edho vlivu na sou\u010dasnost.<\/strong><\/h3>\r\n<p>&nbsp;<\/p>\r\n\r\n\r\n\r\n<p>\u00a0<img loading=\"lazy\" decoding=\"async\" class=\"alignnone wp-image-253 size-medium\" src=\"https:\/\/www.hhpce.cz\/wp-content\/uploads\/2022\/10\/Vystrizek6-300x206.png\" alt=\"\" width=\"300\" height=\"206\" srcset=\"https:\/\/www.hhpce.cz\/wp-content\/uploads\/2022\/10\/Vystrizek6-300x206.png 300w, https:\/\/www.hhpce.cz\/wp-content\/uploads\/2022\/10\/Vystrizek6.png 877w\" sizes=\"auto, (max-width: 300px) 100vw, 300px\" \/>\u00a0 \u00a0 \u00a0 \u00a0 \u00a0 \u00a0 \u00a0 \u00a0 \u00a0 \u00a0 \u00a0 \u00a0 \u00a0 \u00a0 \u00a0 \u00a0 <img loading=\"lazy\" decoding=\"async\" class=\"alignnone wp-image-254\" src=\"https:\/\/www.hhpce.cz\/wp-content\/uploads\/2022\/10\/Vystrizek8-300x207.png\" alt=\"\" width=\"299\" height=\"206\" srcset=\"https:\/\/www.hhpce.cz\/wp-content\/uploads\/2022\/10\/Vystrizek8-300x207.png 300w, https:\/\/www.hhpce.cz\/wp-content\/uploads\/2022\/10\/Vystrizek8.png 877w\" sizes=\"auto, (max-width: 299px) 100vw, 299px\" \/>\u00a0 \u00a0 \u00a0 \u00a0 \u00a0 \u00a0 \u00a0 \u00a0 \u00a0 \u00a0 \u00a0 \u00a0 \u00a0 \u00a0 \u00a0 \u00a0 \u00a0 <img loading=\"lazy\" decoding=\"async\" class=\"alignnone wp-image-252\" src=\"https:\/\/www.hhpce.cz\/wp-content\/uploads\/2022\/10\/Vystrizek3-1-300x205.png\" alt=\"\" width=\"301\" height=\"206\" srcset=\"https:\/\/www.hhpce.cz\/wp-content\/uploads\/2022\/10\/Vystrizek3-1-300x205.png 300w, https:\/\/www.hhpce.cz\/wp-content\/uploads\/2022\/10\/Vystrizek3-1.png 875w\" sizes=\"auto, (max-width: 301px) 100vw, 301px\" \/><\/p>\r\n","protected":false},"excerpt":{"rendered":"<p>HHP HLEDA\u010cI HISTORIE PARDUBICKO Z.S. \u00a0Hleda\u010di Historie Pardubicko (HHP) je sdru\u017een\u00ed nad\u0161enc\u016f, kte\u0159\u00ed se v\u011bnuj\u00ed hled\u00e1n\u00ed a dokumentaci historick\u00fdch artefakt\u016f na \u00fazem\u00ed Pardubick\u00e9ho kraje. Toto sdru\u017een\u00ed, kter\u00e9 funguje pod veden\u00edm zku\u0161en\u00fdch detektor\u00e1\u0159\u016f se zam\u011b\u0159uje na vyhled\u00e1v\u00e1n\u00ed a ochranu kulturn\u00edho d\u011bdictv\u00ed za pomoci detektor\u016f kov\u016f. Jejich pr\u00e1ce je nejen kon\u00ed\u010dkem, ale tak\u00e9 v\u00fdznamn\u00fdm p\u0159\u00ednosem pro archeologii&hellip; <br \/> <a class=\"read-more\" href=\"https:\/\/www.hhpce.cz\/?page_id=33\">V\u00edce<\/a><\/p>\n","protected":false},"author":1,"featured_media":0,"parent":0,"menu_order":0,"comment_status":"closed","ping_status":"closed","template":"","meta":{"footnotes":""},"class_list":["post-33","page","type-page","status-publish","hentry"],"yoast_head":"<!-- This site is optimized with the Yoast SEO plugin v26.1.1 - https:\/\/yoast.com\/wordpress\/plugins\/seo\/ -->\n<title>O n\u00e1s -<\/title>\n<meta name=\"robots\" content=\"index, follow, max-snippet:-1, max-image-preview:large, max-video-preview:-1\" \/>\n<link rel=\"canonical\" href=\"https:\/\/www.hhpce.cz\/?page_id=33\" \/>\n<meta property=\"og:locale\" content=\"cs_CZ\" \/>\n<meta property=\"og:type\" content=\"article\" \/>\n<meta property=\"og:title\" content=\"O n\u00e1s -\" \/>\n<meta property=\"og:description\" content=\"HHP HLEDA\u010cI HISTORIE PARDUBICKO Z.S. \u00a0Hleda\u010di Historie Pardubicko (HHP) je sdru\u017een\u00ed nad\u0161enc\u016f, kte\u0159\u00ed se v\u011bnuj\u00ed hled\u00e1n\u00ed a dokumentaci historick\u00fdch artefakt\u016f na \u00fazem\u00ed Pardubick\u00e9ho kraje. Toto sdru\u017een\u00ed, kter\u00e9 funguje pod veden\u00edm zku\u0161en\u00fdch detektor\u00e1\u0159\u016f se zam\u011b\u0159uje na vyhled\u00e1v\u00e1n\u00ed a ochranu kulturn\u00edho d\u011bdictv\u00ed za pomoci detektor\u016f kov\u016f. Jejich pr\u00e1ce je nejen kon\u00ed\u010dkem, ale tak\u00e9 v\u00fdznamn\u00fdm p\u0159\u00ednosem pro archeologii&hellip; V\u00edce\" \/>\n<meta property=\"og:url\" content=\"https:\/\/www.hhpce.cz\/?page_id=33\" \/>\n<meta property=\"article:publisher\" content=\"https:\/\/www.facebook.com\/HHPhledacihistoriePardubicko\" \/>\n<meta property=\"article:modified_time\" content=\"2024-06-02T16:15:55+00:00\" \/>\n<meta property=\"og:image\" content=\"https:\/\/www.hhpce.cz\/wp-content\/uploads\/2022\/10\/Vystrizek6-300x206.png\" \/>\n<meta name=\"twitter:card\" content=\"summary_large_image\" \/>\n<meta name=\"twitter:label1\" content=\"Odhadovan\u00e1 doba \u010dten\u00ed\" \/>\n\t<meta name=\"twitter:data1\" content=\"2 minuty\" \/>\n<script type=\"application\/ld+json\" class=\"yoast-schema-graph\">{\"@context\":\"https:\/\/schema.org\",\"@graph\":[{\"@type\":\"WebPage\",\"@id\":\"https:\/\/www.hhpce.cz\/?page_id=33\",\"url\":\"https:\/\/www.hhpce.cz\/?page_id=33\",\"name\":\"O n\u00e1s -\",\"isPartOf\":{\"@id\":\"https:\/\/www.hhpce.cz\/#website\"},\"primaryImageOfPage\":{\"@id\":\"https:\/\/www.hhpce.cz\/?page_id=33#primaryimage\"},\"image\":{\"@id\":\"https:\/\/www.hhpce.cz\/?page_id=33#primaryimage\"},\"thumbnailUrl\":\"https:\/\/www.hhpce.cz\/wp-content\/uploads\/2022\/10\/Vystrizek6-300x206.png\",\"datePublished\":\"2022-08-28T20:00:13+00:00\",\"dateModified\":\"2024-06-02T16:15:55+00:00\",\"breadcrumb\":{\"@id\":\"https:\/\/www.hhpce.cz\/?page_id=33#breadcrumb\"},\"inLanguage\":\"cs\",\"potentialAction\":[{\"@type\":\"ReadAction\",\"target\":[\"https:\/\/www.hhpce.cz\/?page_id=33\"]}]},{\"@type\":\"ImageObject\",\"inLanguage\":\"cs\",\"@id\":\"https:\/\/www.hhpce.cz\/?page_id=33#primaryimage\",\"url\":\"https:\/\/www.hhpce.cz\/wp-content\/uploads\/2022\/10\/Vystrizek6.png\",\"contentUrl\":\"https:\/\/www.hhpce.cz\/wp-content\/uploads\/2022\/10\/Vystrizek6.png\",\"width\":877,\"height\":601},{\"@type\":\"BreadcrumbList\",\"@id\":\"https:\/\/www.hhpce.cz\/?page_id=33#breadcrumb\",\"itemListElement\":[{\"@type\":\"ListItem\",\"position\":1,\"name\":\"Home\",\"item\":\"https:\/\/www.hhpce.cz\/\"},{\"@type\":\"ListItem\",\"position\":2,\"name\":\"O n\u00e1s\"}]},{\"@type\":\"WebSite\",\"@id\":\"https:\/\/www.hhpce.cz\/#website\",\"url\":\"https:\/\/www.hhpce.cz\/\",\"name\":\"HHP HLEDA\u010cI HISTORIE PARDUBICKO Z.S.\",\"description\":\"\",\"publisher\":{\"@id\":\"https:\/\/www.hhpce.cz\/#organization\"},\"alternateName\":\"HHPCE.cz\",\"potentialAction\":[{\"@type\":\"SearchAction\",\"target\":{\"@type\":\"EntryPoint\",\"urlTemplate\":\"https:\/\/www.hhpce.cz\/?s={search_term_string}\"},\"query-input\":{\"@type\":\"PropertyValueSpecification\",\"valueRequired\":true,\"valueName\":\"search_term_string\"}}],\"inLanguage\":\"cs\"},{\"@type\":\"Organization\",\"@id\":\"https:\/\/www.hhpce.cz\/#organization\",\"name\":\"HHP HLEDA\u010cI HISTORIE PARDUBICKO Z.S.\",\"url\":\"https:\/\/www.hhpce.cz\/\",\"logo\":{\"@type\":\"ImageObject\",\"inLanguage\":\"cs\",\"@id\":\"https:\/\/www.hhpce.cz\/#\/schema\/logo\/image\/\",\"url\":\"https:\/\/www.hhpce.cz\/wp-content\/uploads\/2023\/11\/ssdd.png\",\"contentUrl\":\"https:\/\/www.hhpce.cz\/wp-content\/uploads\/2023\/11\/ssdd.png\",\"width\":600,\"height\":600,\"caption\":\"HHP HLEDA\u010cI HISTORIE PARDUBICKO Z.S.\"},\"image\":{\"@id\":\"https:\/\/www.hhpce.cz\/#\/schema\/logo\/image\/\"},\"sameAs\":[\"https:\/\/www.facebook.com\/HHPhledacihistoriePardubicko\"]}]}<\/script>\n<!-- \/ Yoast SEO plugin. -->","yoast_head_json":{"title":"O n\u00e1s -","robots":{"index":"index","follow":"follow","max-snippet":"max-snippet:-1","max-image-preview":"max-image-preview:large","max-video-preview":"max-video-preview:-1"},"canonical":"https:\/\/www.hhpce.cz\/?page_id=33","og_locale":"cs_CZ","og_type":"article","og_title":"O n\u00e1s -","og_description":"HHP HLEDA\u010cI HISTORIE PARDUBICKO Z.S. \u00a0Hleda\u010di Historie Pardubicko (HHP) je sdru\u017een\u00ed nad\u0161enc\u016f, kte\u0159\u00ed se v\u011bnuj\u00ed hled\u00e1n\u00ed a dokumentaci historick\u00fdch artefakt\u016f na \u00fazem\u00ed Pardubick\u00e9ho kraje. Toto sdru\u017een\u00ed, kter\u00e9 funguje pod veden\u00edm zku\u0161en\u00fdch detektor\u00e1\u0159\u016f se zam\u011b\u0159uje na vyhled\u00e1v\u00e1n\u00ed a ochranu kulturn\u00edho d\u011bdictv\u00ed za pomoci detektor\u016f kov\u016f. Jejich pr\u00e1ce je nejen kon\u00ed\u010dkem, ale tak\u00e9 v\u00fdznamn\u00fdm p\u0159\u00ednosem pro archeologii&hellip; V\u00edce","og_url":"https:\/\/www.hhpce.cz\/?page_id=33","article_publisher":"https:\/\/www.facebook.com\/HHPhledacihistoriePardubicko","article_modified_time":"2024-06-02T16:15:55+00:00","og_image":[{"url":"https:\/\/www.hhpce.cz\/wp-content\/uploads\/2022\/10\/Vystrizek6-300x206.png","type":"","width":"","height":""}],"twitter_card":"summary_large_image","twitter_misc":{"Odhadovan\u00e1 doba \u010dten\u00ed":"2 minuty"},"schema":{"@context":"https:\/\/schema.org","@graph":[{"@type":"WebPage","@id":"https:\/\/www.hhpce.cz\/?page_id=33","url":"https:\/\/www.hhpce.cz\/?page_id=33","name":"O n\u00e1s -","isPartOf":{"@id":"https:\/\/www.hhpce.cz\/#website"},"primaryImageOfPage":{"@id":"https:\/\/www.hhpce.cz\/?page_id=33#primaryimage"},"image":{"@id":"https:\/\/www.hhpce.cz\/?page_id=33#primaryimage"},"thumbnailUrl":"https:\/\/www.hhpce.cz\/wp-content\/uploads\/2022\/10\/Vystrizek6-300x206.png","datePublished":"2022-08-28T20:00:13+00:00","dateModified":"2024-06-02T16:15:55+00:00","breadcrumb":{"@id":"https:\/\/www.hhpce.cz\/?page_id=33#breadcrumb"},"inLanguage":"cs","potentialAction":[{"@type":"ReadAction","target":["https:\/\/www.hhpce.cz\/?page_id=33"]}]},{"@type":"ImageObject","inLanguage":"cs","@id":"https:\/\/www.hhpce.cz\/?page_id=33#primaryimage","url":"https:\/\/www.hhpce.cz\/wp-content\/uploads\/2022\/10\/Vystrizek6.png","contentUrl":"https:\/\/www.hhpce.cz\/wp-content\/uploads\/2022\/10\/Vystrizek6.png","width":877,"height":601},{"@type":"BreadcrumbList","@id":"https:\/\/www.hhpce.cz\/?page_id=33#breadcrumb","itemListElement":[{"@type":"ListItem","position":1,"name":"Home","item":"https:\/\/www.hhpce.cz\/"},{"@type":"ListItem","position":2,"name":"O n\u00e1s"}]},{"@type":"WebSite","@id":"https:\/\/www.hhpce.cz\/#website","url":"https:\/\/www.hhpce.cz\/","name":"HHP HLEDA\u010cI HISTORIE PARDUBICKO Z.S.","description":"","publisher":{"@id":"https:\/\/www.hhpce.cz\/#organization"},"alternateName":"HHPCE.cz","potentialAction":[{"@type":"SearchAction","target":{"@type":"EntryPoint","urlTemplate":"https:\/\/www.hhpce.cz\/?s={search_term_string}"},"query-input":{"@type":"PropertyValueSpecification","valueRequired":true,"valueName":"search_term_string"}}],"inLanguage":"cs"},{"@type":"Organization","@id":"https:\/\/www.hhpce.cz\/#organization","name":"HHP HLEDA\u010cI HISTORIE PARDUBICKO Z.S.","url":"https:\/\/www.hhpce.cz\/","logo":{"@type":"ImageObject","inLanguage":"cs","@id":"https:\/\/www.hhpce.cz\/#\/schema\/logo\/image\/","url":"https:\/\/www.hhpce.cz\/wp-content\/uploads\/2023\/11\/ssdd.png","contentUrl":"https:\/\/www.hhpce.cz\/wp-content\/uploads\/2023\/11\/ssdd.png","width":600,"height":600,"caption":"HHP HLEDA\u010cI HISTORIE PARDUBICKO Z.S."},"image":{"@id":"https:\/\/www.hhpce.cz\/#\/schema\/logo\/image\/"},"sameAs":["https:\/\/www.facebook.com\/HHPhledacihistoriePardubicko"]}]}},"jetpack_sharing_enabled":true,"_links":{"self":[{"href":"https:\/\/www.hhpce.cz\/index.php?rest_route=\/wp\/v2\/pages\/33","targetHints":{"allow":["GET"]}}],"collection":[{"href":"https:\/\/www.hhpce.cz\/index.php?rest_route=\/wp\/v2\/pages"}],"about":[{"href":"https:\/\/www.hhpce.cz\/index.php?rest_route=\/wp\/v2\/types\/page"}],"author":[{"embeddable":true,"href":"https:\/\/www.hhpce.cz\/index.php?rest_route=\/wp\/v2\/users\/1"}],"replies":[{"embeddable":true,"href":"https:\/\/www.hhpce.cz\/index.php?rest_route=%2Fwp%2Fv2%2Fcomments&post=33"}],"version-history":[{"count":34,"href":"https:\/\/www.hhpce.cz\/index.php?rest_route=\/wp\/v2\/pages\/33\/revisions"}],"predecessor-version":[{"id":483,"href":"https:\/\/www.hhpce.cz\/index.php?rest_route=\/wp\/v2\/pages\/33\/revisions\/483"}],"wp:attachment":[{"href":"https:\/\/www.hhpce.cz\/index.php?rest_route=%2Fwp%2Fv2%2Fmedia&parent=33"}],"curies":[{"name":"wp","href":"https:\/\/api.w.org\/{rel}","templated":true}]}}